+ 1?
6
Let d(i) = 4*i**2 - 53*i - 446. What is the units digit of d(41)?
5
Let t(c) = 26*c**2 + 11*c - 110. What is the hundreds digit of t(-14)?
8
Let m = 27 + -23. Suppose m*u = -536 + 108. Let b = u - -182. What is the tens digit of b?
7
Let u(b) = -b - 7. Let n be u(-6). Let y = 6 + n. Suppose -7*s - 2*p = -8*s + 60, -y*p + 240 = 5*s. What is the units digit of s?
2
Suppose 15*g = 5*g - 41*g + 1047081. What is the units digit of g?
1
Let s(w) be the first derivative of 3*w**3 - 3*w**2 + 5*w + 1. Suppose -225 = 74*z - 31 + 102. What is the hundreds digit of s(z)?
1
Suppose 29861 - 111525 = -32*d. What is the units digit of d?
2
Let b = 25215 + -15247. What is the hundreds digit of b?
9
Let t = 189 - 187. Suppose 605 = 4*x - 3*i, 16 = -t*x - 2*i + 308. What is the hundreds digit of x?
1
Suppose 4*j + 8 = 0, -8 = -4*u - 0*j + 4*j. Suppose -4*s - s = -3*l - 20, 2*s - 3*l = -1. What is the tens digit of 357/s - (u + 2)?
4
Suppose 0 = -9*z - 45, 35*k - 31*k = z + 83765. What is the thousands digit of k?
0
What is the units digit of 13473/(-45)*(-30 - -10)?
8
Let x be 135*(4/5)/((-32)/(-16)). What is the hundreds digit of (-576)/x*((-81)/3)/1?
2
Let a(s) = 37*s**2 + 0 + 6 - 2*s + 2*s + 3*s + 3. What is the thousands digit of a(-7)?
1
Suppose -21*g = -23*g + 81540. Suppose -58*x + g = -48260. What is the tens digit of x?
3
Suppose 4*m - 16 = -0. Let r be -2 + (m/4)/1. What is the units digit of r/(-2) + 393/6?
6
Let a(z) = 305*z**2 - 508*z + 19. What is the units digit of a(12)?
3
Let l(t) = t**3 + 14*t**2 - 3*t - 21. Let h = -49 + 2. Let d = -61 - h. What is the tens digit of l(d)?
2
What is the thousands digit of (10/(-4) + 2)/((-7)/56784)?
4
Let x = -7655 + 17059. What is the thousands digit of x?
9
Suppose -4*r + 11 = 3*q, 0 = -3*q + 4*r - 13 + 32. Suppose 2*u - 381 = -3*b + 214, 1520 = q*u + b. What is the hundreds digit of u?
3
Let a(u) = 1080*u**2 + 358*u - 1442. What is the units digit of a(4)?
0
Let m = 87004 + -41452. What is the hundreds digit of m/221 + (2 - (-36)/(-17))?
2
Let j be (0 + -3)*(1694/(-66) + 24). Let r(c) = 3*c**2 - 2*c + 5. Let w be r(5). Suppose -3*y + j*y = w. What is the units digit of y?
5
Let x(f) = -f**2 - f - 10. Let i be x(0). Let g be 2*(-395)/i - 2. Suppose 5*c - 518 - g = 0. What is the hundreds digit of c?
1
Suppose -5*j = -5*d - 79105, -5*j - 2*d = -42162 - 36936. What is the ten thousands digit of j?
1
Suppose -j = -53 + 52. Let v(g) = 9*g - 5. Let k be v(j). Suppose 2*p = 5*p - 3*f - 252, -k*f + 104 = p. What is the units digit of p?
8
Let b be (-48)/20*(-105)/14. Suppose b = s - 3. What is the units digit of s?
1
What is the tens digit of 615496/44 - (-95)/209?
8
Suppose 0 = 21*d - 30*d. Suppose -2*o = -c + 3, 15 = -d*c + 5*c + 3*o. Suppose 5*q = -c*k + 656, -4*k - 408 = -3*q - k. What is the units digit of q?
3
Suppose 692256 = 84*i + 3*i - 74127. What is the thousands digit of i?
8
Suppose -4*g = 5*x - 8115 - 6372, 5*x - 14484 = -3*g. What is the hundreds digit of x?
8
Let k = 19 + -4. Suppose -13 = 2*t - m - 1, -k = t + 4*m. What is the tens digit of 44*t*(-5)/10?
5
Let k be (-2)/8 - ((-1820)/16)/7. Suppose 3*g - k = h, 19 + 17 = 5*g + 3*h. What is the units digit of g?
6
Let q = 599 - 357. What is the tens digit of q + 0*(-3)/(-6)?
4
Let g = 311 - 308. What is the hundreds digit of (-2)/g*(-15330)/35?
2
Let k = 6077 - 845. Suppose k = -320*m + 328*m. What is the tens digit of m?
5
Let p be (3/(-6))/(-4*4/512). What is the tens digit of ((-39)/(-9) - 2)*5856/p?
5
Let g(k) = -2030*k + 7050. What is the tens digit of g(-31)?
8
Let j = -9973 - -15923. What is the tens digit of j?
5
Let h(r) = -18*r + 32. Let x(w) = -53*w + 95. Let z(g) = 8*h(g) - 3*x(g). What is the hundreds digit of z(28)?
3
Suppose -2*i - 4*r = 0, -4*i = 5*r - 9 - 6. Let q be (4*(-2)/i)/((-6)/45). What is the units digit of (-4)/q + 1211/21?
7
Suppose -14*j + 5*j + 11826 = 0. What is the tens digit of j/12*(-4)/(-3)?
4
Let l(b) = -b**3 - 3*b**2 + 6*b - 11. Let n be l(-5). Suppose -7 - n = -2*z. What is the units digit of z?
8
Let i = 44 + -38. Suppose -v - 3*v = -5*o + 3, o + v = i. Suppose 4 = o*y - 98. What is the tens digit of y?
3
Let m(f) = -36*f - 23. Let g be m(-1). Suppose 15 = -3*n, g*d - 7836 = 9*d + 4*n. What is the units digit of d?
4
Let o be -373*7/((-7)/3). Suppose -o = 15*z - 9. What is the units digit of 12/(-54) + z/(-9)?
8
Let t = 1580 + 4586. What is the thousands digit of t?
6
What is the tens digit of (10/3)/(-3*3/(-1647))?
1
Let q(y) = -50 + 41 + 6*y - 63*y + 64 + 62. What is the units digit of q(-9)?
0
Let r(l) = -2 + 12 + 3*l**2 - 14*l - 2*l**2 - 4. Let h be r(14). Suppose 432 = h*a + 2*a. What is the units digit of a?
4
Let g(b) = b**3 - b**2 + 32. Let m(s) = -2*s**2 - 10*s + 6. Let j be m(-5). Suppose -9*a + j*a = 0. What is the units digit of g(a)?
2
Suppose 2*d + 5 = 5*h, -10*d + 2*h - 3 = -9*d. Let g(x) = 5*x**2 + 14*x - 1. What is the units digit of g(d)?
4
Let o be (-8248)/(-48) - (1 - (-7)/(-6)). Let x = -91 + o. What is the tens digit of x?
8
Suppose -4*i = 4*h - 9968, 3*i - 8*h - 7475 = -10*h. What is the tens digit of i?
9
Suppose -v = -10*v + 18. Suppose 15 - 1 = -v*q. What is the units digit of (-1872)/195*(-1 + q/3)?
2
Let m be (-276)/(28/(-14) + (-8)/(-3)). Let b = m - -699. What is the units digit of b?
5
What is the hundreds digit of (-49)/((-5145)/8540)*(-2)/((-12)/2133)?
9
Let n = 87 + 0. Suppose -92*u = -105*u + 39. Suppose -n = u*t - 6*t. What is the tens digit of t?
2
Let s = -89944 - -134811. What is the ten thousands digit of s?
4
Suppose -8*c = -7*c + 4*d + 92, -3*c = 5*d + 241. Let z = 72 + c. Suppose z = -j - 2*u + 133, 4*j - 543 = u + 2*u. What is the units digit of j?
5
Let h(q) = 6*q + 52. Let o be h(-8). What is the hundreds digit of o/26 + (-177276)/(-286)?
6
Let l(q) = 8*q**2 + 51*q - 35. Let p(u) = -25*u - 188. Let o be p(-7). What is the units digit of l(o)?
4
Suppose -16*s = -71*s + 27*s + 139636. What is the thousands digit of s?
4
Suppose 4*u - 3*i = -193, 182 + 83 = -5*u - i. Let v be (3 - 2)*6*u/39. Let w = v + 105. What is the units digit of w?
7
Suppose -10332 + 191834 + 268075 = 27*i. What is the ten thousands digit of i?
1
Suppose 2*d + 8 = 0, 3*s = 6*s - 2*d - 23. Suppose -s*c = 11 - 6. Let a(r) = -38*r - 3. What is the units digit of a(c)?
5
Suppose 150*f - 5136147 = 36*f - 1497609. What is the units digit of f?
7
Let m(r) = -2*r**2 - 175*r + 6*r**2 + 5 + 174*r + 15*r**3. What is the tens digit of m(3)?
4
Let d(k) = -k**3 + k**2 + k. Let q(y) = -5*y**3 - 9*y**2 + 9*y - 9. Let b(p) = -4*d(p) + q(p). Let m = -21 - -7. What is the tens digit of b(m)?
1
Suppose -60*j = 3*g - 58*j - 3, -5*g = -5*j - 30. Suppose g*o - 2*d - 3442 = 0, 3*o - 3*d + 4*d - 3445 = 0. What is the thousands digit of o?
1
Let h = -360 + 3266. What is the hundreds digit of h?
9
Let i(m) = 2*m**2 - 4*m + 5. Let u be i(-4). Let v = u + 125. Suppose v = 2*z + c - 2*c, -75 = -z + 4*c. What is the tens digit of z?
9
Let a(s) = -s**3 - 10*s**2 - 19*s. Let x be a(-9). Suppose -11*u + x = -14*u. Let g = -2 - u. What is the units digit of g?
8
Let q(x) = 200*x**2 - 26*x + 97. What is the units digit of q(5)?
7
Suppose 91*a - 401556 = 12403. What is the tens digit of a?
4
Suppose -2*p - 315 = 3*p. Let o = p - -63. Suppose -2*a = -x - 279, -4*x + 1 - 5 = o. What is the hundreds digit of a?
1
Suppose 104*o - 782325 = -23086 + 18577. What is the tens digit of o?
7
Let q = 23173 + -12664. What is the thousands digit of q?
0
Let h(z) = 135*z - 73*z - 83 - 66*z. Let s be h(0). Let u = s + 118. What is the tens digit of u?
3
Let p be ((-8)/20)/(-6*6/(-45000)). Let d = -103 - p. What is the hundreds digit of d?
3
Suppose -4*v + 5*a - 158 = 0, -v - 18 = -5*a + 29. Let o(l) = -l**2 - 45*l + 120. What is the hundreds digit of o(v)?
4
Suppose -18*b + 25 = -11. Let n(t) = 26*t + 24. What is the tens digit of n(b)?
7
Suppose 0 = -u + i + 11139, -4*i + 182 = -5*u + 55883. What is the units digit of u?
5
Suppose 3*r = 0, 5*o + r + 3888 = -497. Let t = 1290 + o. What is the tens digit of t?
1
Suppose 0 = -5*q - 3*h + 1 + 5, 0 = 2*q + 3*h + 3. Let b = -126 - -222. Suppose 4*w - s - b = q*s, -2*w = 4*s - 72. What is the tens digit of w?
2
Suppose -5*l - 52 + 67 = 0. Let s be 6/1 + -4 + l. Suppose -s*w + 445 = j, -2*w + 3*j